 (-2 - -3).
8
Suppose -30*x + 80 = -20*x. What is the remainder when 10 is divided by x?
2
Suppose 0 = 5*j + 56 - 541. Let w(c) = c + 9. Let b be w(-6). Suppose 2*m + 71 = b*r, 3*r + 0*r - 5*m = 65. What is the remainder when j is divided by r?
22
Let y(k) = -k**2 - 16*k + 15. Let p = -22 - -5. Let z be y(p). What is the remainder when 42 is divided by ((-44)/(-6))/(z/(-3))?
9
Let o = -543 + 582. What is the remainder when 73 is divided by o?
34
Let c(n) = -2*n**2 + 26*n - 12. Suppose 108 = 4*i + 5*i. What is the remainder when 46 is divided by c(i)?
10
Suppose 3*h - 20 = -3*x + 103, 0 = -h. Let z be -1 - -3 - (-1 + 2). Let r = 20 + z. Calculate the remainder when x is divided by r.
20
Let y = -40 - -43. Suppose -y*i - h = 3*h - 153, 229 = 5*i - 2*h. What is the remainder when i is divided by 13?
8
Let w be (1 - 4)/(18/120). Let s = -16 - w. Let n = 36 - 31. Calculate the remainder when n is divided by s.
1
Let r(n) = 2*n**2 - 2. Let a be r(-1). Suppose u + a*u - 5*f - 34 = 0, -f = -4*u + 155. What is the remainder when u is divided by 10?
9
Let k be 24/5 + 2/60*6. Suppose -2*z + 10 = 3*v - 365, 0 = k*z + 3*v - 924. What is the remainder when z is divided by 37?
35
Suppose v - 27 = 5. What is the remainder when v is divided by (-36)/((-3)/1)*1?
8
Suppose 5*w = -5*j + 45, 0 + 39 = j - 5*w. Calculate the remainder when 39 is divided by j.
11
Let x(o) = -o**2 + 13*o - 1. Suppose d + 1 - 5 = 3*r, 5*r = -3*d + 12. Suppose -d*g = -g - 36. What is the remainder when 21 is divided by x(g)?
10
Suppose 6*u + 533 = -1. Let f = 214 + u. Calculate the remainder when f is divided by 18.
17
Let l(r) = 6*r**2 - 21*r - 1. What is the remainder when 331 is divided by l(6)?
64
Let f(c) = -2*c**2 + 29*c - 70. Let s = -189 + 269. Suppose 16 + s = 4*u. Calculate the remainder when u is divided by f(11).
3
Let u(s) = 2*s + 4. Let v be -2 + 11 - (-4)/(-2). Calculate the remainder when u(v) is divided by (-6 - 1)/(0 - 1).
4
Suppose -5*x - 142 + 27 = -4*a, 4*x - a = -81. Let n = 41 + x. Calculate the remainder when 109 is divided by n.
21
What is the remainder when 274/8 - (-6 - 21/(-4)) is divided by 21?
14
Let t(q) = -34*q + 1. What is the remainder when 758 is divided by t(-2)?
68
Let k be (8/14)/(24/(-84)). Let b = -5 + 60. Calculate the remainder when b is divided by k/(-6) - 112/(-6).
17
Suppose 145*n = 160*n - 105. Calculate the remainder when 198/5 + 8/20 is divided by n.
5
What is the remainder when 53 is divided by (-247)/(-13) - 4/2?
2
What is the remainder when (-649)/(-4) - 34/136 is divided by 102/3 - (0 + 1)?
30
Let a = -1588 + 2386. Calculate the remainder when a is divided by 32.
30
Calculate the remainder when 727 is divided by (-20)/(-6)*1/5*42.
27
Suppose 0 = -5*n, 0 - 3 = -k + 4*n. Suppose 5*p - k = 6*p. What is the remainder when 58 is divided by 9/p*(-60)/9?
18
Suppose 3*a - a - 4 = 0. Suppose -x - a*k = -k, 5*k + 15 = 0. Suppose -52 = -7*p + x*p. Calculate the remainder when 50 is divided by p.
11
Suppose 2*j = -y + 1374, 8*y = 5*j + 5*y - 3457. Calculate the remainder when j is divided by 11.
7
What is the remainder when 692 - (10/(-1) + 11) is divided by 77?
75
Let o(j) = 2*j + 3808 + 3*j - 3871. Calculate the remainder when 33 is divided by o(16).
16
Let l(t) = 3*t**3 + t**2 - 7*t + 9. Calculate the remainder when 107 is divided by l(2).
15
Suppose -5*n - 4 = 16, -3*m = 5*n - 568. What is the remainder when m is divided by 61?
13
Suppose 3*x = -w + 39, -5*x - 3*w + 0 + 61 = 0. What is the remainder when 400 is divided by x?
8
Suppose -8 = 2*p - 0*p. Let s be (-4)/8*64/p. What is the remainder when 2205/60 - (-2)/s is divided by 20?
17
Suppose -3*x + 2785 = -5*z, -3*z - 1800 - 1928 = -4*x. What is the remainder when x is divided by 9?
8
Let q = -11 - -13. Suppose 0*l = 3*o + 3*l - 21, -26 = -4*o - 3*l. Calculate the remainder when o is divided by q.
1
Suppose -24*z + 422 = -442. What is the remainder when z is divided by 19?
17
Suppose 25*u - 193 = 32. Calculate the remainder when u is divided by 6.
3
Let l = -2115 - -3694. Calculate the remainder when l is divided by 31.
29
Suppose -5*c + 5*z + 15 = 0, 823*z - 820*z + 15 = 4*c. Suppose 2*h = h - 2. Let m(x) = 4*x**2 - 2*x + 1. What is the remainder when m(h) is divided by c?
3
Let k = 1 - -57. What is the remainder when k is divided by 20?
18
Suppose 11*x - 9*x + 80 = 0. Let q = -29 - x. Let y(w) = -w**3 - 6*w**2 + 14*w + 3. Calculate the remainder when y(-8) is divided by q.
8
Suppose 1769 = 12*v + 509. What is the remainder when v is divided by 19?
10
Let h = 28 + -31. Let y(j) be the second derivative of j**4/2 - 5*j**3/6 - 7*j**2/2 + j. Calculate the remainder when y(h) is divided by 32.
30
Suppose 3*t + 11 = 50. Let b(f) = -f**3 - 16*f**2 + 13*f - 21. Calculate the remainder when b(-17) is divided by t.
8
Let z(o) = 6*o - 20. Let c be z(-16). Calculate the remainder when 54 is divided by c/(-8) - 2/4.
12
Let k(g) = 6*g**2 + 23*g - 19. Let u(a) = 5*a**2 + 22*a - 18. Let b(c) = -6*k(c) + 7*u(c). Calculate the remainder when b(8) is divided by 18.
16
Let p(s) = s**3 + 8*s**2 + 4*s + 58. Calculate the remainder when p(-8) is divided by 8.
2
Let o = -4 - -32. Let v(y) = 10*y**2 - 51*y - 149. Calculate the remainder when v(8) is divided by o.
27
Suppose 28*h = 20*h + 832. Calculate the remainder when h is divided by 21.
20
Let n = -35 - -19. Let v = -7 - n. Suppose 2*z = -z + v. Calculate the remainder when 7 is divided by z.
1
Suppose -2058 = -6*d + 3*d. Suppose 10*o - 3*o = d. Calculate the remainder when o is divided by 25.
23
Let x(t) = -4*t - 16. Let b = 1 + -1. What is the remainder when (b + 23)*(1 + 1) is divided by x(-8)?
14
Calculate the remainder when 2545 is divided by 42/6 + (17 - -74).
95
Suppose -n = 2*r + 95, 4*n = -4*r + 2*r - 356. Let k = -53 - n. What is the remainder when 135 is divided by k?
33
Suppose -16*t + 9*t + 1939 = 0. Calculate the remainder when t is divided by 40.
37
Let r be (-1 + 2)*-69 + (0 - 2). Let j = r - -94. What is the remainder when 111 is divided by j?
19
What is the remainder when -2*108/(-8) + 1 is divided by ((-4)/(-2))/((-4)/(-10))?
3
Let i(u) = -u**3 + 18*u**2 - 16*u. Calculate the remainder when 1408 is divided by i(17).
14
Suppose 2*z = -0*z - 4, -151 = -3*b + 2*z. Suppose -22*r - 44 = -264. What is the remainder when b is divided by r?
9
What is the remainder when 243 is divided by 36/54 - 181*(-3)/9?
60
Let w(g) be the first derivative of -57*g**2 + g - 3. Let v(s) = s**2 + s + 29. What is the remainder when w(-1) is divided by v(0)?
28
Let k be 159/51 + (-10)/85. Suppose -k*g + 27 = -2*g. Let q(a) = -a**2 + 7*a - 6. Calculate the remainder when g is divided by q(4).
3
Let t = -122 - -128. Suppose 11*q = 6*q. Suppose 2*a + 4*d + 4 = q, -5*a = -3*a + d - 5. What is the remainder when t is divided by a?
2
Suppose 54 = 2*h + b, -5*h + 128 = -14*b + 13*b. What is the remainder when 34 is divided by h?
8
Let w be (-130 + -1)*(2 - 3). Let x = 194 - w. Calculate the remainder when x is divided by 13.
11
Let t = -72 - -105. Let m = -201 + 186. Let d = m + t. Calculate the remainder when d is divided by 5.
3
Suppose -70 = -5*s - 4*t, 0 = 33*s - 38*s + 2*t + 100. What is the remainder when 251 is divided by s?
17
Suppose 3*h + 19*k - 20*k - 952 = 0, -3*h = 3*k - 948. Calculate the remainder when h is divided by 64.
61
Let y be (2 - 3282/(-3)) + 1*-4. Suppose -5*z + u = -269, 2*z - 5*u - 47 = 56. Calculate the remainder when z is divided by (8/(-6))/(13/(y/(-8))).
12
Let f(t) = 2*t**2 - 3*t - 4. Let b be f(3). Suppose -2*l + l = -b. Let k(g) = 7*g - 7. What is the remainder when 83 is divided by k(l)?
27
Let o(q) = -2*q**3 - 7*q**2 - 7*q - 9. Calculate the remainder when 113 is divided by o(-4).
8
Let c(t) = -16*t**3 - 6*t**2 + 3*t - 7. Let w(k) = -k**2 + k - 1. Let f(n) = c(n) - 5*w(n). What is the remainder when 74 is divided by f(-1)?
14
Suppose -2*c = -3*b + 101, -12*c + 16*c - 148 = -4*b. What is the remainder when b is divided by 11?
2
Let h = -1 + 9. Suppose 3*y - 4*i + i = 15, 5*y + i = 13. What is the remainder when 58/8 + (-2)/h is divided by y?
1
Suppose 10 = -2*f - 18. Let y(a) = 2*a**3 + 27*a**2 + 8*a - 19. Calculate the remainder when y(-13) is divided by (f/(-4))/(2/4).
4
Suppose 2*x = -6, -3*v - x = 2*v - 122. Let w = 34 - 29. What i